{"id":55,"date":"2021-08-10T19:06:53","date_gmt":"2021-08-10T19:06:53","guid":{"rendered":"https:\/\/haavakko.fi\/?page_id=55"},"modified":"2021-08-10T19:25:20","modified_gmt":"2021-08-10T19:25:20","slug":"ulkoilu","status":"publish","type":"page","link":"https:\/\/haavakko.fi\/index.php\/ulkoilu\/","title":{"rendered":"Ulkoilu"},"content":{"rendered":"\n<p>Eli mit\u00e4 t\u00e4st\u00e4 ymp\u00e4rist\u00f6st\u00e4 l\u00f6ytyy. Kaipa t\u00e4\u00e4 on my\u00f6s jonkinlainen Haavisto tutuksi sivu =) Voipi olla, ett\u00e4 jotkut on enemm\u00e4n p\u00e4ivittyvi\u00e4 kirjoituksia ja jotkut j\u00e4\u00e4nee p\u00e4ivitt\u00e4m\u00e4tt\u00e4. Sen n\u00e4kee sitte. <\/p>\n\n\n\n<div class=\"wp-block-query is-layout-flow wp-block-query-is-layout-flow\"><ul class=\"is-flex-container columns-3 wp-block-post-template is-layout-flow wp-block-post-template-is-layout-flow\"><li class=\"wp-block-post post-65 post type-post status-publish format-standard has-post-thumbnail hentry category-ulkoilu latest_post\">\n<h2 class=\"wp-block-post-title\"><a href=\"https:\/\/haavakko.fi\/index.php\/polkuja\/\" target=\"_self\" >Polkuja<\/a><\/h2>\n\n<figure class=\"alignwide wp-block-post-featured-image\"><a href=\"https:\/\/haavakko.fi\/index.php\/polkuja\/\" target=\"_self\"  ><img loading=\"lazy\" decoding=\"async\" width=\"1820\" height=\"790\" src=\"https:\/\/haavakko.fi\/wp-content\/uploads\/2021\/08\/otm-kartta-2.png\" class=\"attachment-post-thumbnail size-post-thumbnail wp-post-image\" alt=\"Polkuja\" style=\"object-fit:cover;\" srcset=\"https:\/\/haavakko.fi\/wp-content\/uploads\/2021\/08\/otm-kartta-2.png 1820w, https:\/\/haavakko.fi\/wp-content\/uploads\/2021\/08\/otm-kartta-2-1000x434.png 1000w, https:\/\/haavakko.fi\/wp-content\/uploads\/2021\/08\/otm-kartta-2-768x333.png 768w, https:\/\/haavakko.fi\/wp-content\/uploads\/2021\/08\/otm-kartta-2-1536x667.png 1536w, https:\/\/haavakko.fi\/wp-content\/uploads\/2021\/08\/otm-kartta-2-138x60.png 138w\" sizes=\"auto, (max-width: 1820px) 100vw, 1820px\" \/><\/a><\/figure>\n\n<div class=\"wp-block-post-excerpt\"><p class=\"wp-block-post-excerpt__excerpt\">Heti muuton j\u00e4lkeen tuli huomattua, ett\u00e4 t\u00e4ss\u00e4 l\u00e4himetsiss\u00e4 on reiluhkosti polkuja, joita ei maastokartoissa n\u00e4y. Joten pitih\u00e4n ne kartoittaa. Joku gpx-editori kertoi polkuja olevan noin &hellip; <\/p><\/div>\n\n\n<hr class=\"wp-block-separator\"\/>\n\n\n<div class=\"wp-block-post-date\"><time datetime=\"2021-08-14T18:43:36+00:00\">2021-08-14<\/time><\/div>\n<\/li><\/ul><\/div>\n","protected":false},"excerpt":{"rendered":"<p>Eli mit\u00e4 t\u00e4st\u00e4 ymp\u00e4rist\u00f6st\u00e4 l\u00f6ytyy. Kaipa t\u00e4\u00e4 on my\u00f6s jonkinlainen Haavisto tutuksi sivu =) Voipi olla, ett\u00e4 jotkut on enemm\u00e4n p\u00e4ivittyvi\u00e4 kirjoituksia ja jotkut j\u00e4\u00e4nee &hellip; <\/p>\n","protected":false},"author":1,"featured_media":0,"parent":0,"menu_order":0,"comment_status":"closed","ping_status":"closed","template":"","meta":{"iawp_total_views":72,"footnotes":""},"class_list":["post-55","page","type-page","status-publish","hentry","latest_post"],"_links":{"self":[{"href":"https:\/\/haavakko.fi\/index.php\/wp-json\/wp\/v2\/pages\/55","targetHints":{"allow":["GET"]}}],"collection":[{"href":"https:\/\/haavakko.fi\/index.php\/wp-json\/wp\/v2\/pages"}],"about":[{"href":"https:\/\/haavakko.fi\/index.php\/wp-json\/wp\/v2\/types\/page"}],"author":[{"embeddable":true,"href":"https:\/\/haavakko.fi\/index.php\/wp-json\/wp\/v2\/users\/1"}],"replies":[{"embeddable":true,"href":"https:\/\/haavakko.fi\/index.php\/wp-json\/wp\/v2\/comments?post=55"}],"version-history":[{"count":1,"href":"https:\/\/haavakko.fi\/index.php\/wp-json\/wp\/v2\/pages\/55\/revisions"}],"predecessor-version":[{"id":57,"href":"https:\/\/haavakko.fi\/index.php\/wp-json\/wp\/v2\/pages\/55\/revisions\/57"}],"wp:attachment":[{"href":"https:\/\/haavakko.fi\/index.php\/wp-json\/wp\/v2\/media?parent=55"}],"curies":[{"name":"wp","href":"https:\/\/api.w.org\/{rel}","templated":true}]}}